{"id":3684,"date":"2024-04-14T15:23:31","date_gmt":"2024-04-14T13:23:31","guid":{"rendered":"http:\/\/halfmarathon.poznan.pl\/en\/wp-content\/uploads\/2024\/04\/Tlum-biegaczy-na-trasie-polmaratonu2.jpg"},"modified":"2024-04-15T11:00:35","modified_gmt":"2024-04-15T09:00:35","slug":"tlum-biegaczy-na-trasie-polmaratonu2","status":"inherit","type":"attachment","link":"https:\/\/halfmarathon.poznan.pl\/en\/tlum-biegaczy-na-trasie-polmaratonu2\/","title":{"rendered":"T\u0142um biegaczy na trasie p\u00f3\u0142maratonu2"},"author":5,"comment_status":"closed","ping_status":"closed","template":"","meta":[],"description":{"rendered":"<p class=\"attachment\"><a href='https:\/\/halfmarathon.poznan.pl\/en\/wp-content\/uploads\/2024\/04\/Tlum-biegaczy-na-trasie-polmaratonu2.jpg'><img width=\"1500\" height=\"1000\" src=\"https:\/\/halfmarathon.poznan.pl\/en\/wp-content\/uploads\/2024\/04\/Tlum-biegaczy-na-trasie-polmaratonu2.jpg\" class=\"attachment-medium size-medium\" alt=\"A smiling runner poses with his thumb up for a photo.\" decoding=\"async\" loading=\"lazy\" srcset=\"https:\/\/halfmarathon.poznan.pl\/en\/wp-content\/uploads\/2024\/04\/Tlum-biegaczy-na-trasie-polmaratonu2.jpg 1500w, https:\/\/halfmarathon.poznan.pl\/en\/wp-content\/uploads\/2024\/04\/Tlum-biegaczy-na-trasie-polmaratonu2-150x100.jpg 150w, https:\/\/halfmarathon.poznan.pl\/en\/wp-content\/uploads\/2024\/04\/Tlum-biegaczy-na-trasie-polmaratonu2-768x512.jpg 768w, https:\/\/halfmarathon.poznan.pl\/en\/wp-content\/uploads\/2024\/04\/Tlum-biegaczy-na-trasie-polmaratonu2-1230x820.jpg 1230w\" sizes=\"(max-width: 1500px) 100vw, 1500px\" \/><\/a><\/p>\n"},"caption":{"rendered":"<p>Klaudia Berda i Agnieszka Wojt<\/p>\n"},"alt_text":"A smiling runner poses with his thumb up for a photo.","media_type":"image","mime_type":"image\/jpeg","media_details":{"width":1500,"height":1000,"file":"2024\/04\/Tlum-biegaczy-na-trasie-polmaratonu2.jpg","filesize":196610,"sizes":{"thumbnail":{"file":"Tlum-biegaczy-na-trasie-polmaratonu2-150x100.jpg","width":150,"height":100,"filesize":7114,"mime_type":"image\/jpeg","source_url":"https:\/\/halfmarathon.poznan.pl\/en\/wp-content\/uploads\/2024\/04\/Tlum-biegaczy-na-trasie-polmaratonu2-150x100.jpg"},"medium_large":{"file":"Tlum-biegaczy-na-trasie-polmaratonu2-768x512.jpg","width":768,"height":512,"filesize":77904,"mime_type":"image\/jpeg","source_url":"https:\/\/halfmarathon.poznan.pl\/en\/wp-content\/uploads\/2024\/04\/Tlum-biegaczy-na-trasie-polmaratonu2-768x512.jpg"},"post-thumbnail":{"file":"Tlum-biegaczy-na-trasie-polmaratonu2-1230x820.jpg","width":1230,"height":820,"filesize":152133,"mime_type":"image\/jpeg","source_url":"https:\/\/halfmarathon.poznan.pl\/en\/wp-content\/uploads\/2024\/04\/Tlum-biegaczy-na-trasie-polmaratonu2-1230x820.jpg"},"cmplz_banner_image":{"file":"Tlum-biegaczy-na-trasie-polmaratonu2-350x100.jpg","width":350,"height":100,"filesize":13114,"mime_type":"image\/jpeg","source_url":"https:\/\/halfmarathon.poznan.pl\/en\/wp-content\/uploads\/2024\/04\/Tlum-biegaczy-na-trasie-polmaratonu2-350x100.jpg"},"full":{"file":"Tlum-biegaczy-na-trasie-polmaratonu2.jpg","width":1500,"height":1000,"mime_type":"image\/jpeg","source_url":"https:\/\/halfmarathon.poznan.pl\/en\/wp-content\/uploads\/2024\/04\/Tlum-biegaczy-na-trasie-polmaratonu2.jpg"}},"image_meta":{"aperture":"0","credit":"","camera":"","caption":"","created_timestamp":"1713091210","copyright":"","focal_length":"0","iso":"0","shutter_speed":"0","title":"","orientation":"0","keywords":[]}},"post":null,"source_url":"https:\/\/halfmarathon.poznan.pl\/en\/wp-content\/uploads\/2024\/04\/Tlum-biegaczy-na-trasie-polmaratonu2.jpg","_links":{"self":[{"href":"https:\/\/halfmarathon.poznan.pl\/en\/wp-json\/wp\/v2\/media\/3684"}],"collection":[{"href":"https:\/\/halfmarathon.poznan.pl\/en\/wp-json\/wp\/v2\/media"}],"about":[{"href":"https:\/\/halfmarathon.poznan.pl\/en\/wp-json\/wp\/v2\/types\/attachment"}],"author":[{"embeddable":true,"href":"https:\/\/halfmarathon.poznan.pl\/en\/wp-json\/wp\/v2\/users\/5"}],"replies":[{"embeddable":true,"href":"https:\/\/halfmarathon.poznan.pl\/en\/wp-json\/wp\/v2\/comments?post=3684"}]}}

Tłum biegaczy na trasie półmaratonu2
