{"id":3683,"date":"2024-04-14T15:23:30","date_gmt":"2024-04-14T13:23:30","guid":{"rendered":"http:\/\/halfmarathon.poznan.pl\/en\/wp-content\/uploads\/2024\/04\/Tlum-biegaczy-na-trasie-polmaratonu.jpg"},"modified":"2024-04-15T11:01:20","modified_gmt":"2024-04-15T09:01:20","slug":"tlum-biegaczy-na-trasie-polmaratonu","status":"inherit","type":"attachment","link":"https:\/\/halfmarathon.poznan.pl\/en\/tlum-biegaczy-na-trasie-polmaratonu\/","title":{"rendered":"T\u0142um biegaczy na trasie p\u00f3\u0142maratonu"},"author":5,"comment_status":"closed","ping_status":"closed","template":"","meta":[],"description":{"rendered":"<p class=\"attachment\"><a href='https:\/\/halfmarathon.poznan.pl\/en\/wp-content\/uploads\/2024\/04\/Tlum-biegaczy-na-trasie-polmaratonu.jpg'><img width=\"1500\" height=\"1000\" src=\"https:\/\/halfmarathon.poznan.pl\/en\/wp-content\/uploads\/2024\/04\/Tlum-biegaczy-na-trasie-polmaratonu.jpg\" class=\"attachment-medium size-medium\" alt=\"Participants running on the course.\" decoding=\"async\" loading=\"lazy\" srcset=\"https:\/\/halfmarathon.poznan.pl\/en\/wp-content\/uploads\/2024\/04\/Tlum-biegaczy-na-trasie-polmaratonu.jpg 1500w, https:\/\/halfmarathon.poznan.pl\/en\/wp-content\/uploads\/2024\/04\/Tlum-biegaczy-na-trasie-polmaratonu-150x100.jpg 150w, https:\/\/halfmarathon.poznan.pl\/en\/wp-content\/uploads\/2024\/04\/Tlum-biegaczy-na-trasie-polmaratonu-768x512.jpg 768w, https:\/\/halfmarathon.poznan.pl\/en\/wp-content\/uploads\/2024\/04\/Tlum-biegaczy-na-trasie-polmaratonu-1230x820.jpg 1230w\" sizes=\"(max-width: 1500px) 100vw, 1500px\" \/><\/a><\/p>\n"},"caption":{"rendered":"<p>Klaudia Berda i Agnieszka Wojt<\/p>\n"},"alt_text":"Participants running on the course.","media_type":"image","mime_type":"image\/jpeg","media_details":{"width":1500,"height":1000,"file":"2024\/04\/Tlum-biegaczy-na-trasie-polmaratonu.jpg","filesize":289096,"sizes":{"thumbnail":{"file":"Tlum-biegaczy-na-trasie-polmaratonu-150x100.jpg","width":150,"height":100,"filesize":7701,"mime_type":"image\/jpeg","source_url":"https:\/\/halfmarathon.poznan.pl\/en\/wp-content\/uploads\/2024\/04\/Tlum-biegaczy-na-trasie-polmaratonu-150x100.jpg"},"medium_large":{"file":"Tlum-biegaczy-na-trasie-polmaratonu-768x512.jpg","width":768,"height":512,"filesize":105883,"mime_type":"image\/jpeg","source_url":"https:\/\/halfmarathon.poznan.pl\/en\/wp-content\/uploads\/2024\/04\/Tlum-biegaczy-na-trasie-polmaratonu-768x512.jpg"},"post-thumbnail":{"file":"Tlum-biegaczy-na-trasie-polmaratonu-1230x820.jpg","width":1230,"height":820,"filesize":215046,"mime_type":"image\/jpeg","source_url":"https:\/\/halfmarathon.poznan.pl\/en\/wp-content\/uploads\/2024\/04\/Tlum-biegaczy-na-trasie-polmaratonu-1230x820.jpg"},"cmplz_banner_image":{"file":"Tlum-biegaczy-na-trasie-polmaratonu-350x100.jpg","width":350,"height":100,"filesize":16106,"mime_type":"image\/jpeg","source_url":"https:\/\/halfmarathon.poznan.pl\/en\/wp-content\/uploads\/2024\/04\/Tlum-biegaczy-na-trasie-polmaratonu-350x100.jpg"},"full":{"file":"Tlum-biegaczy-na-trasie-polmaratonu.jpg","width":1500,"height":1000,"mime_type":"image\/jpeg","source_url":"https:\/\/halfmarathon.poznan.pl\/en\/wp-content\/uploads\/2024\/04\/Tlum-biegaczy-na-trasie-polmaratonu.jpg"}},"image_meta":{"aperture":"0","credit":"","camera":"","caption":"","created_timestamp":"1713091013","copyright":"","focal_length":"0","iso":"0","shutter_speed":"0","title":"","orientation":"0","keywords":[]}},"post":null,"source_url":"https:\/\/halfmarathon.poznan.pl\/en\/wp-content\/uploads\/2024\/04\/Tlum-biegaczy-na-trasie-polmaratonu.jpg","_links":{"self":[{"href":"https:\/\/halfmarathon.poznan.pl\/en\/wp-json\/wp\/v2\/media\/3683"}],"collection":[{"href":"https:\/\/halfmarathon.poznan.pl\/en\/wp-json\/wp\/v2\/media"}],"about":[{"href":"https:\/\/halfmarathon.poznan.pl\/en\/wp-json\/wp\/v2\/types\/attachment"}],"author":[{"embeddable":true,"href":"https:\/\/halfmarathon.poznan.pl\/en\/wp-json\/wp\/v2\/users\/5"}],"replies":[{"embeddable":true,"href":"https:\/\/halfmarathon.poznan.pl\/en\/wp-json\/wp\/v2\/comments?post=3683"}]}}

Tłum biegaczy na trasie półmaratonu
